s divided by 17?
14
Let i(d) = 48*d**2 - 3*d + 3. Calculate the remainder when 190 is divided by i(1).
46
Suppose -3*w + 4 = -4*w. Let i(s) = -14*s - 1. Suppose 20 = 3*p - 22. Calculate the remainder when i(w) is divided by p.
13
Let j be -1*1 - (-10 - -6). Suppose -b = 5, j*p + 0*p - 104 = -2*b. Let r(d) = 2*d**2 - 2*d + 1. What is the remainder when p is divided by r(-2)?
12
Suppose -16 - 11 = -3*o. Calculate the remainder when 16 is divided by o.
7
Let g(q) = 2*q**3 - 5*q**2 + 2*q - 9. What is the remainder when g(4) is divided by 13?
8
Calculate the remainder when (-13)/(13/(-96)) - 4 is divided by 31.
30
Let h = -2 - -25. Calculate the remainder when h is divided by 5.
3
Let t(z) = z**3 - 8*z**2 - 2*z + 12. Let m be t(8). What is the remainder when 32 is divided by (2/2)/(m/(-44))?
10
Let n = -8 - -18. Let d(q) = 256*q**2 - q - 1. Let i be d(-1). What is the remainder when (-6)/21 - i/(-14) is divided by n?
8
Suppose -2*f + 10 = -50. Calculate the remainder when f is divided by (8/12 - 6)/(1/(-3)).
14
Let o = 73 + -34. What is the remainder when o is divided by 18 - (7 + -4 + -5)?
19
Suppose 52 + 1 = m - 3*u, 4*m + 4*u - 212 = 0. Suppose -8 + m = 5*o. Calculate the remainder when 16 is divided by o.
7
Let a = -19 + 34. Suppose 2*f + a + 1 = 0. Let h = f - -13. What is the remainder when 12 is divided by h?
2
Let s be ((-2)/5)/(2/(-10)). Let x be -10 - (2 + -2)/s. Let c = -4 - x. What is the remainder when 17 is divided by c?
5
Let i = 36 + -12. Suppose u = o - 9, -o + i = -4*u - 0*u. Calculate the remainder when 11 is divided by o.
3
Suppose 26 + 14 = -2*z. Let m = z - -30. Suppose 5*n = m, 18 = -3*x + 5*x + 4*n. Calculate the remainder when x is divided by 2.
1
What is the remainder when 62 is divided by (-2)/(3 + 41/(-13))?
10
Let q be 45/20 + 1/(-4). Suppose -c + q*c = 17. What is the remainder when c is divided by 9?
8
Suppose 4*z = 3*y + 12, 0*y + 5*z = 3*y + 12. Suppose 8*c - v - 73 = 3*c, 4*c + 2*v - 50 = 0. Calculate the remainder when c is divided by (21 - 1)*y/(-10).
6
Suppose 4*s = 2*p - 38, -p - 3*s + 13 = 9. What is the remainder when 166 is divided by p?
10
Let d be -1*(-1 + 3) + 21. Let o = d + -10. What is the remainder when 17 is divided by o?
8
Suppose -3*b - m = 14, -b + m + 4*m = -6. Let y = 11 + b. What is the remainder when 25 is divided by y?
4
Let i = -5 + 5. Suppose i = -3*q + 18 - 6. Calculate the remainder when 14 is divided by 7/14 - (-18)/q.
4
Suppose -4*m - 2*n + n + 52 = 0, 4*n = 2*m - 8. What is the remainder when 56 is divided by m?
8
Let v = -1 - -7. Suppose y + v = 26. What is the remainder when 78 is divided by y?
18
Suppose -v - 36 = -3*v + 4*x, -2*x = -4*v + 102. What is the remainder when v is divided by -2 + -1 + 1 + 12?
8
Let s(i) = -i + 8. Let t be s(8). Let q(k) = 24 + 14 - 6 + t*k - k. Calculate the remainder when q(0) is divided by 11.
10
Suppose 2*c - 151 = -17. Suppose c = -5*d + 257. What is the remainder when d is divided by 13?
12
Let g(x) = 2*x**2 + 3*x - 4. Let n be g(-6). Let v = n - 4. Let o = -8 + 24. Calculate the remainder when v is divided by o.
14
Let c(v) = v**2 - v + 6. Calculate the remainder when 22 is divided by c(0).
4
Suppose -5*p - 4*b + 52 = 0, -8*b = -2*p - 3*b + 34. Calculate the remainder when 6 + -3 + (0 - -19) is divided by p.
10
Suppose 81 = 4*j - 3*x, -x = -1 - 0. What is the remainder when j is divided by 11?
10
Let g(h) = 3*h - 2. What is the remainder when 27 is divided by g(4)?
7
Let i = 41 - 26. Calculate the remainder when 22 is divided by i.
7
Let u = -26 + 39. Calculate the remainder when 64 is divided by u.
12
Let x be 4/(-18) + (-40)/(-18). Suppose -74 = -4*h + x. Suppose 3*d = 4*v - 22, -3*v + 6*v - 3*d - 15 = 0. Calculate the remainder when h is divided by v.
5
Calculate the remainder when (253/33)/((-2)/(-6)) is divided by 13.
10
Let f = -7 - -27. Let m = -5 + 9. Suppose 0*v = -m*v + 156. What is the remainder when v is divided by f?
19
Suppose -4*v + v = 9, -2*v = p - 46. What is the remainder when p is divided by 18?
16
Let a(g) = -2*g - 7. Let y(r) = r + 3. Let n be y(-2). Calculate the remainder when (n*3)/((-5)/(-15)) is divided by a(-6).
4
Suppose 3*j = -0*j + 60. What is the remainder when 39 is divided by j?
19
Suppose 2*z - 35 = -3*y, -2*z - 4*y + 25 = -z. Calculate the remainder when 22 is divided by z.
9
Let s = 34 + -23. Let w be 1 - 0 - -1 - -2. Suppose -5 = w*y - 21. What is the remainder when s is divided by y?
3
Suppose -7*a + 107 = -54. What is the remainder when a is divided by 8?
7
Let t = -127 - -135. Calculate the remainder when t is divided by 8.
0
Let k(o) = o**3 + 3*o**2 - 3*o + 2. Let v be k(-5). Let u be (-62)/(-22) + (-6)/v. Suppose u*c + 0*c - 6 = 0. What is the remainder when 4 is divided by c?
0
Let m(w) = -w**2 + 22*w - 60. What is the remainder when m(13) is divided by 12?
9
Let x be 6/24 + (-19)/(-4). Let y(a) = a**3 - 3*a**2 - a - 7. Calculate the remainder when y(x) is divided by 13.
12
Let t = 17 + -24. Let f = 10 - t. What is the remainder when f is divided by 10 - (3 - (-6)/(-3))?
8
Suppose 3*f - 25 = 3*s - s, -4*f + 24 = -2*s. What is the remainder when 54 is divided by 8/(-28) - 200/s?
12
Suppose a + 102 = 3*a. Suppose -20 = 5*p - 90. Let b = 27 - p. Calculate the remainder when a is divided by b.
12
Let w = 20 - 12. Let z = 20 + w. Suppose t - 34 = -2*t + g, 0 = -3*t + 4*g + 46. What is the remainder when z is divided by t?
8
Let c = 114 - -3. Calculate the remainder when c is divided by 41.
35
Suppose 0 = 3*a - 6*a + 255. Suppose 0 = -2*d - y + 54, -3*d + 5*y + 49 = -2*d. What is the remainder when a is divided by d?
27
Suppose 6*t - 3*t = 12, 0 = -5*o + 2*t + 222. Let u = o + 74. Calculate the remainder when 3/(-1)*u/(-9) is divided by 21.
19
Let n(g) = g**2 + 5*g + 5. Let r be n(-5). Suppose -r*s + 62 - 22 = 0. Calculate the remainder when (-57)/(-4) - (-1)/(-4) is divided by s.
6
Suppose 0 = -0*q + q - 5*x - 42, 0 = 2*q + 4*x - 28. What is the remainder when 107 is divided by q?
19
Let v = -41 - -62. What is the remainder when 60 is divided by v?
18
Suppose 4*n + 12 = n. Calculate the remainder when (-17)/(-1) - (3 + n) is divided by 10.
8
Let d(t) = t**3 + 6*t**2 + 3*t - 8. Let w be d(-5). Suppose -w*x - 3*x + 210 = 0. What is the remainder when x is divided by 15?
12
Let h = 227 - 144. Let l = -32 + h. Calculate the remainder when l is divided by 13.
12
Let p(j) be the first derivative of j**4/4 + 4*j**3/3 - j**2 - 2*j + 6. What is the remainder when 25 is divided by p(-3)?
12
Suppose -2*q - 3*q + 130 = 0. Let p = q + -16. Suppose 3*g = 2*g + 19. Calculate the remainder when g is divided by p.
9
Suppose -3*q = q + 476. Calculate the remainder when (q - -1)/(0 - 2) is divided by 20.
19
Suppose 5*w + 3*s - 216 + 38 = 0, 4*w + 2*s = 142. Calculate the remainder when w is divided by 9.
8
Let i = 10 + -7. What is the remainder when 4/7 + 208/28 is divided by i?
2
Let q(u) = -5*u + 1. Let i be q(-2). Let l = 22 - i. What is the remainder when 21 is divided by l?
10
Let a be 1 - (-5)/((-5)/(-3)). Suppose 11 = t - a. What is the remainder when 27 is divided by t?
12
Suppose -s - 4*s + 25 = 0. Let d = s + -5. Suppose -2*a + 3*v + 19 = d, 0*a - 6 = -a + 5*v. Calculate the remainder when 32 is divided by a.
10
Suppose 5*i + 3*d + 18 - 47 = 0, -4*d = -12. Let n = i + 5. Let s = 8 - 3. Calculate the remainder when n is divided by s.
4
What is the remainder when (-2 - -36) + (-2 - 1) is divided by 11?
9
Let x = -123 - -129. What is the remainder when 18 is divided by x?
0
Let h be ((-4)/(-6))/(2/27). Suppose -3*o = -h + 3. Let a = o - -5. Calculate the remainder when 13 is divided by a.
6
Let g be (0 - 3)/(-3) + -1. Let p(k) = 1 + 1 + g*k**2 + 0*k**2 + 5*k**2. What is the remainder when p(3) is divided by 16?
15
Let j(n) = -n**3 + 7*n**2 + 3*n - 7. Let w = 19 + -12. Let t be j(w). Let l = t - 2. Calculate the remainder when 21 is divided by l.
9
Let s(u) = -u**3 + 9*u**2 + 2*u - 2. Let x(a) = 3*a - 9. Let m be x(6). What is the remainder when 46 is divided by s(m)?
14
Suppose 132 = 4*g - 4*a, -3 - 10 = -g - 4*a. Suppose 0 = 3*t - 30. Calculate the remainder when g is divided by t.
9
Let b(u) = 3*u**2 + 7*u + 8. What is the remainder when b(-4) is divided by 8?
4
What is the remainder when 34 is divided by 6/7*(10 -